 Determine g(3).
-5
Let l(c) = -c**3 - 74*c**2 - 198*c + 1056. Let k be l(-71). Let o(s) = -5*s**3 - 45*s**2 + 10*s + 89. Give o(k).
-1
Suppose -11 = -f - 3*t, 0*t - 6 = -3*t. Let a(k) = 5*k + 1 + 9 - 6*k + 13 - 20. Determine a(f).
-2
Let o(g) = -2*g**3 - 8*g - 12. Let w(d) = -3*d**3 - 12*d - 17. Suppose 32*z - 4*v = 36*z - 36, 3*z - 35 = -5*v. Let f(y) = z*w(y) - 7*o(y). Determine f(3).
-40
Let s(n) = n**3 + 9*n**2 + 10*n + 1. Let d = 1420 + -1427. Calculate s(d).
29
Let f(w) = 6*w**2 - 2*w - 2. Suppose 2*u + 12 = 3*p + 1, p + 5 = 5*u. Suppose u*h + 6 = -3*s, 0 = -3*s - 5*h + h - 6. Give f(s).
26
Suppose -x - 3*w = -5*x - 8, -3*x + 3*w = 9. Let i(u) = 7*u**2 - 10*u + 10. Determine i(x).
7
Let m(x) = -2*x - 7. Let a(f) = -f**2 + 19*f - 98. Let i be a(18). Let c = -71 - i. What is m(c)?
-25
Let x(q) = 158*q - 157*q - 9*q**2 - 2 + 5 - 2. Let h(s) = -s**3 + 11*s**2 + 11*s + 11. Let g be h(12). Determine x(g).
-9
Let y(f) = -f**2 + 46*f + 99. Let h be y(48). Let v(t) = 15*t - 37. Calculate v(h).
8
Let j(d) = -9*d**2 + 7*d + 1. Let u(c) = -20*c**2 + 14*c + 2. Suppose -129*m - 12 = -132*m. Let z(g) = m*u(g) - 9*j(g). What is z(6)?
-7
Let a(z) be the first derivative of z**2 + 37*z + 6205. Determine a(16).
69
Let w(l) = 11*l**2 + 44*l + 135. Let v(q) = 5*q**2 + 22*q + 67. Let y(m) = 9*v(m) - 4*w(m). What is y(-19)?
6
Let b(h) be the first derivative of -h**2/2 + 2*h + 2. Suppose 4*r - 28 = -21*w + 19*w, 0 = -2*w - 2*r + 22. Determine b(w).
-6
Let y(v) = -53*v - 24. Let j(p) = 74*p + 35. Let t(x) = -5*j(x) - 7*y(x). Calculate t(11).
4
Let t(x) = 7*x - 107. Let n(h) = -4*h + 49. Let r(f) = -5*n(f) - 2*t(f). Determine r(5).
-1
Let o(f) = -36868 - 36848 + 73717 + f**2. Let l = -1 - 0. Give o(l).
2
Let t(n) be the first derivative of 4*n + 1/6*n**4 + 1/3*n**3 + 18 + 1/2*n**2 - 1/20*n**5. Let g(r) be the first derivative of t(r). What is g(2)?
5
Let r be (6/12)/((-20)/(-520)). Let m(w) = 3*w + 56. Determine m(r).
95
Let a(t) = -18*t**2 + t - 8*t - 15*t**2 + t**3 + 113*t**2 - t - 89*t**2 - 5. Suppose 4*y - 10 = 3*y. Determine a(y).
15
Suppose -6*n - 26 = -7*n. Suppose 2*c + n = -172. Let u = 108 + c. Let i(j) = -j**2 + 9*j - 6. Give i(u).
-6
Let m(q) be the second derivative of -4*q**3/3 - 25*q**2 + 49*q + 6. Give m(-7).
6
Let y(d) = -2*d**2 + 53*d + 120. Let q(v) = -v**3 - 60*v**2 + 253*v - 163. Let w be q(-64). Calculate y(w).
-25
Let u = -1853 - -1850. Let a(l) = -6*l**2 + 2*l + 6. What is a(u)?
-54
Let h(r) = -7*r**3 + 30*r**2 - 50*r - 294. Let m(g) = 11*g**3 - 45*g**2 + 75*g + 441. Let j(b) = 14*h(b) + 9*m(b). Determine j(-16).
-3
Let m(r) = 5 + 15*r - 19*r - 6 - 5. Let l(g) = -4*g - 7. Let i(n) = -5*l(n) + 6*m(n). Let d(h) = -h**2 + h + 4. Let a be d(3). Determine i(a).
7
Suppose 4*b + 20 = 2*x, 2*b = -5*x + 7*b + 45. Let s(t) be the second derivative of -5*t**2 + 1/6*t**3 - 7*t + 2. Determine s(x).
-2
Let b(w) = 2*w - 1. Let v(m) = 16*m - 4. Let a(d) = 2*b(d) - v(d). What is a(1)?
-10
Suppose 0 = 3*h - 6*h + 9. Let b(w) = -3 + 9*w - 7*w - h*w**2 - w**3 + 0*w**2. Let i(t) = -2*t**2 - 3*t + 10. Let s be i(2). Give b(s).
5
Let m = 1864 + -1861. Let h(p) = -5*p + 8. Determine h(m).
-7
Let x be 10/(10/1) - 1*-3. Suppose 0 = 2*o + 4, -4*s = o + x*o + 2. Let c(q) = 2*q**2 + 4*q - 3. Calculate c(s).
13
Let n = -214 - -216. Let h(o) = -3*o + 4 + 3*o**n + 7*o**2 - 13*o**2. What is h(-3)?
-14
Let n(v) = -9*v**3 - 7*v**2 - 22*v - 4. Let l(m) = 2*m**3 + m**2 + 4*m + 1. Let f(p) = 4*l(p) + n(p). Give f(-5).
80
Let r(v) = 19 - 4*v + 4*v + 2*v + 0*v + 0*v. What is r(-9)?
1
Let u(t) = 1009*t**3 + 27 + 6*t - 170*t**3 + 6*t**2 - 836*t**3. Calculate u(-3).
-18
Let r = -2897 - -2895. Let h(j) = 8*j + 15. Give h(r).
-1
Let n(l) = -457 - 438 - l + 880. Let m be n(-15). Let b(z) = z**2 - z - 3. Determine b(m).
-3
Suppose 0*r + 2*r = 2*z - 568, -4*r = z - 289. Let w(g) = -z*g + g**2 - 4 + 145*g + 143*g. Calculate w(-6).
14
Let n = -7305 + 7309. Let w(i) = -4*i**2 - i + 2. Give w(n).
-66
Let o(b) = -311368*b**3 + 155682*b**3 + 15*b**2 - 3*b + 155687*b**3 + 26. What is o(-15)?
71
Let s(q) be the first derivative of 2*q + 24 - 6*q + 2*q - 89 + q**2. Give s(2).
2
Suppose 96*t - 36*t + 95*t + 310 = 0. Let x(p) = 2 + 1 - 2 - 4 - 2*p. What is x(t)?
1
Let j(y) = 2356 - 4724 + 7*y + 2359 - 6*y. What is j(-4)?
-13
Let v(z) = -24*z**3 - 2*z**2 + 3. Let l = -29992 + 29990. Calculate v(l).
187
Let t(s) be the first derivative of s**3/3 - s**2/2 + 7*s + 328. What is t(0)?
7
Let g(m) be the first derivative of -2*m**2 + 1/3*m**3 + 2*m + 61. Give g(4).
2
Suppose 0*c + 56 = 2*c - 2*z, -164 = -5*c - 3*z. Let t = 66 - c. Suppose 7*p + t = 12*p. Let o(j) = j**3 - 6*j**2 - 7*j + 2. What is o(p)?
2
Suppose -5*l + 9*l = 5*t - 186, -3*t = -l - 57. Let f(x) = 2*x**2 + 77*x - 37. What is f(l)?
2
Let n(o) = -2*o**3 - 62*o**2 + 359*o - 45. Let w be n(-36). Let x(t) = -4*t**2 - 20*t - 3. Determine x(w).
-147
Let q be 2 + (-48)/(-5) + (-4)/(-10). Let p be -1 - (q/3 - 4). Let b(i) = 5*i**2 - 4*i**2 - i**3 + 0*i**2 - 1 + 12*i**3. Calculate b(p).
-11
Let z(o) be the first derivative of 11*o**2/2 + 11*o - 1340. Let q(s) = s + 5 + 0*s + 4*s. Let y(l) = 9*q(l) - 4*z(l). What is y(-6)?
-5
Let u be 3/(-6) + 4*(-5)/(-40). Let q(d) = u*d**2 - d**2 + 7 + 7*d - 3. Give q(5).
14
Let h(n) = -n**2 + 28*n + 6. Let t = -2351 + 2379. Determine h(t).
6
Let r be (3 - -1*(-20)/5) + (-5 - -3). Let p(o) = 7*o - 10. Give p(r).
-31
Let i(r) = -2*r + 0*r**3 + r**3 + r**2 + 21*r**3 + 1. Let l be ((-1890)/(-252) + 4/(-1))/((-21)/(-6)). What is i(l)?
22
Let m(g) = 2*g**3 + 13*g**2 + 23*g - 7. Let d(j) = 4*j**3 + 27*j**2 + 48*j - 16. Let c(u) = -6*d(u) + 13*m(u). Determine c(-2).
-5
Let i(p) = p + 2 - 3 - 3*p + 5*p**2 + 0 - p**3. Suppose 148*y + 720 = 156*y. Suppose -9*t + y = 9*t. Determine i(t).
-11
Let b(v) = -29*v + 969. Let a be b(33). Let h(t) = -t + 16. What is h(a)?
4
Let j(c) = -2*c + 5 + c**3 - 10*c**2 + 9 + c. Let h be (-891)/(-88) + 1 + 63/(-56). Give j(h).
4
Let s(g) = -3*g - 7. Suppose -5*x + 167 = 4*o, -13*o + x = -12*o - 44. Suppose 14*h + o + 41 = 0. Determine s(h).
11
Let x(v) = 4 + 38*v**2 - 237*v - v**3 + 217*v - 48*v**2 + 3. Calculate x(-7).
0
Let o be ((-4)/10)/(0 + (-7)/245). Let u(j) = -o*j + 3 + 27*j + 5 - 15*j. Give u(8).
-8
Let a(i) = -i**2 + 5*i + 2. Suppose -2*f + 3*f = 0. Suppose -3*d + 30 - 237 = f. Let l = 74 + d. Give a(l).
2
Let w(m) = -13*m**3 - 76*m**2 - 145*m + 79. Let x(b) = -2*b**3 - 12*b**2 - 24*b + 13. Let n(d) = 3*w(d) - 19*x(d). What is n(-5)?
10
Let h(j) = -27 + 10*j - 110*j**2 - 75*j**2 + 186*j**2. Determine h(-10).
-27
Suppose o - 13 = -11. Suppose o*b - 7 = 21. Let q be ((-4)/b)/(2/(-14)). Let u(s) = -s**3 + 3*s**2 - s. Calculate u(q).
2
Let n(h) = -2*h - 36. Let c be n(-22). Let v be (c/16)/((-2)/(-28)). Let o(i) = i**2 - 9*i + 2. Calculate o(v).
-12
Suppose 88 = 5*o + j, -3*o - 5*j = -0*j - 66. Let a(k) = 5*k**2 - 13*k - 9. Let v(b) = 14*b**2 - 38*b - 26. Let q(z) = o*a(z) - 6*v(z). What is q(-7)?
3
Suppose -4*b - 2 = -z, -289*z - 2*b + 2 = -291*z. Let u(t) = t + 8. Determine u(z).
6
Let s(a) = a**2 - 19*a - 6. Let j(u) = 3*u**2 + 3*u + 20. Let p be j(8). Let t = 255 - p. Determine s(t).
-6
Let l(o) = 2*o - 17. Let k be l(13). Let t(d) = -25*d - 13. Let m(x) = 41*x + 26. Let n(w) = 3*m(w) + 5*t(w). What is n(k)?
-5
Let d(u) = -7*u**2 + 3*u**2 + 4*u + 15 + 1 - 4 + u**3 + 15*u**2. Determine d(-11).
-32
Suppose 7*p - 24542 = 6*p - 5*n, 4*p + 4*n - 98168 = 0. Let y(x) = -p*x**3 - 16 - 2*x**2 + x**2 + 24541*x**3. Calculate y(0).
-16
Suppose 2*q + 1 + 5 = 0, -b = -4*q - 4. Let z(k) = -11*k - 92. Calculate z(b).
-4
Let d(t) = 3*t + 3. Suppose 175 = -3*y + 490. Suppose 0 = -6*h - y - 3. Let z(p) = -p - 24. Let a be z(h). Give d(a).
-15
Let p be 1/(65/195 + (-16)/39). Let b(v) = -v**3 - 16*v**2 - 34*v + 58. What is b(p)?
-7
Let x be (-94 + 98)*(8 + ((-186)/24 - 0)). Let m(f) be the second derivative of -41*f**5/20 + f**4/12 - f**2/2 - f. What is m(x)?
-41
Let a(n) = -4*n + 17. Let b(z) = -18*z + 74. Let q(h) = 13*a(h) - 3*b(h). Suppose 0 = s - 4 + 10. Let g = s + 7. Give q(g).
1
Suppose 492*h = 435*h + 285. Let c(d) = -1 + 3 + 0 - 10*d. What is c(h)?
-48
Suppose 0 = 3*p + 2*t + 8, 38*t = 2*p + 40*t + 10. Let w(d) be the third derivative of 9*d**p + 0 - 1/2*d**3 + 0*d - 1/60*d**5 + 1/24*d**